+ -9 + -8
-11
What is the value of 21 + (-37 + 10 - -27)?
21
What is -2 + -10 - (3 - (-5 + 6 - -2))?
-12
What is the value of -27 + 71 - 40 - (-2 + 42 + 0)?
-36
What is the value of 11 + (-13 - 1 - (-42 - -34))?
5
What is 13 + 7 + -5 + -9 - (-5 - 0)?
11
Evaluate (15 - 4 - -5) + (2 - 2) + -3.
13
Evaluate 101 + -115 - (-3 + 2 + -8).
-5
8 + (10 - (15 + 38 - 9))
-26
Calculate -4 - ((6 - 12) + (6 - (12 - 8))).
0
Evaluate 23 + -16 + -12 + -7.
-12
What is the value of -6 + 1 + (51 - 42 - 5) - 7?
-8
Calculate -11 - 0 - (-16 - (-1 + 12 + -37)).
-21
Evaluate -16 + -16 + -4 + 45.
9
What is -2 + -4 + 152 + -143 - (-12 - 1)?
16
Calculate 8 - 13 - -7 - (0 + -2 + 10).
-6
Evaluate (-126 - -148) + ((2 - 1) + 1 - 5).
19
What is (-14 - (7 + -15)) + 0 + -2?
-8
7 + (0 - 8) + (23 - (-8 - -23))
7
Evaluate 4 + 0 + -2 - 4 - (2 + -6).
2
What is the value of -2 - ((-33 - -2) + 1 + 186 + -179)?
21
(0 - 16) + 216 + -220
-20
Calculate (4 - (-10 - (-22 + 4))) + 21.
17
Calculate -6 - (-5 + -11 - -2).
8
6 + (1 - 20) + -3 + 10 + -5
-11
Calculate -12 + (17 - 18) + 23.
10
What is -6 + (6 - (-17 + 10 + -4 + 0))?
11
-1 + 6 - (9 + -1 + -8 + 3)
2
Evaluate 13 - (0 - 15 - (-149 + 142)).
21
What is the value of -12 - -6 - -12 - (-1 - (15 + -4))?
18
What is the value of -19 - (19 + -27 - -3)?
-14
(-6 - (-22 - -17)) + (2 - 1)
0
What is the value of -3 + -1 + (-28 - -27)?
-5
What is -6 - (2 + -6 - (21 - 25)) - 15?
-21
What is the value of -28 - (10 - 24) - (-5 + -3)?
-6
Evaluate 6 - (13 - -2 - ((6 - 4) + -5)).
-12
Calculate -20 + 2 - (-19 + 1).
0
Evaluate 19 - (2 + 8 + 6) - -8.
11
What is -22 - (2 - 17) - -12?
5
Calculate 18 + -1 - (183 - 195 - (-15 - -1)).
15
Calculate 3 + -9 + (10 + -15 - -9).
-2
(-5 - -4) + (6 - -3) - (-3 + 8)
3
Evaluate -8 + ((1 - 0) + 19 + -30 - -2).
-16
Calculate -5 + (7 - 5) + 7 - (53 - 42).
-7
What is 1 - 4 - (20 - (40 - (7 - -11)))?
-1
Evaluate (-30 - -30) + 5 - (9 - (-1 - -1)).
-4
What is the value of (-2 - -17) + -11 + 5 + -52 + 20?
-23
Calculate (-17 - -16) + 40 + -55.
-16
What is the value of 4 + 16 + -1 + -9 + 4?
14
What is 272 - 282 - (0 + -7)?
-3
5 + -11 - ((7 - 6) + 0)
-7
Evaluate -4 + -1 + -16 + (11 - 13) + 14.
-9
What is the value of 2 + -3 - (7 - 3 - 12)?
7
What is 4 - 1 - (-1452 - -1439 - (-1 + -8))?
7
What is 1 + 6 + (-5 - (-1 + -1 - 6))?
10
What is 8 + -8 + 7 + -9?
-2
Evaluate -3 + 8 + 2 - (7 - -7).
-7
What is 34 + -16 - 14 - (9 + (0 - 2))?
-3
What is (-3 - -3) + -30 + 19 + (-12 - 1)?
-24
What is the value of (-6 - (-37 + 12)) + (-3 - 2)?
14
What is (1 - 32 - -8) + 6?
-17
Evaluate 1 + -13 + (-55 - -53).
-14
Evaluate 1 - 21 - (-73 + -11 - -68).
-4
Calculate 4 - 1 - (48 - 17 - 17).
-11
What is (-7 - (-6 - -4)) + -2 + 2?
-5
What is (9 - 9) + (30 - 42)?
-12
What is the value of (-2 + (-5 - (2 - 5)) - -4) + 11?
11
-35 - (-2 + (15 - 39))
-9
What is -4 + (8 - (-7 + 3)) - 15?
-7
Calculate -15 - -3 - ((-8 - (-6 - 1)) + -3).
-8
Evaluate (16 - 11) + -19 + 2 + -4.
-16
What is the value of (9 - (26 + -13)) + 12?
8
What is the value of 1 + -1 + (-8 + 2 - 1) + 3?
-4
What is the value of -11 + -1 + 5 - 14 - -3?
-18
(-15 - -11) + (10 - 20)
-14
Evaluate -19 + 13 - (3 - 1 - -3).
-11
What is -29 + -36 + 62 + -13?
-16
Evaluate 2 + -2 + (-16 - ((-2 - 6) + 2)).
-10
Evaluate 2 + 15 + -28 + 25.
14
Calculate -35 + 3 + -11 + 9 + 1 + 6.
-27
What is the value of -21 + (-22 - (-18 + 2 - -6))?
-33
What is the value of -15 + 23 + -3 + 4 + (-15 - -5)?
-1
10 + -2 + -25 + 1
-16
What is -584 + 577 - (-4 + 0)?
-3
Evaluate -5 + ((-13 - -9) + 10 - 5 - -3).
-1
What is 59 + 1 + -33 + -50?
-23
What is the value of (8 - (7 - (-2 + -2))) + (-9 - 2)?
-14
2 + 1 + (-11 - -8) - (-3 + 18)
-15
Calculate -13 + -3 + (-14 - -7) + 39.
16
What is -15 + 17 - (7 + -6 + -2)?
3
What is the value of -2 + (-4 + 9 - (-2 - -8) - -2)?
-1
-13 - (3 - (7 - (9 - 3)))
-15
-394 + 391 + 1 + -2 + (8 - 0)
4
Calculate (-1 - 2) + -8 + 5 + (4 - -2).
0
What is (-6 - 1) + -3 + 6 + 2?
-2
7 + (-15 + 10 - (17 - 8))
-7
What is (-2 - (1 - 7)) + (-7 - -26) + -21?
2
Evaluate (-1 - (-1 - 4)) + (-5 - -10).
9
What is (-70 - (-70 - -33)) + 48?
15
Calculate 3 + 14 + (-1 - 1) - (-2 + -3).
20
Evaluate 0 + -2 - ((37 - 9) + -27).
-3
What is the value of -2 + (-30 - -13) + 12?
-7
What is the value of 3 + 4 + -6 + 8 + -5?
4
-33 - -4 - (0 - (20 + -20))
-29
Evaluate 50 + -28 + -29 - (-9 + 2).
0
(9 - 1) + -9 - -5 - 0
4
Evaluate -15 + 20 - (2 + -4 - 2).
9
Evaluate 5 + -4 + (-9 - -12) + -9.
-5
40 + -1 - ((-6 - -8) + -1 + 7)
31
Calculate 30 + 2 + -29 + (-31 - -55).
27
What is the value of 2 - -1 - (21 + -28 + 2) - -4?
12
What is 6 + -1 - 6 - (23 + -16)?
-8
-14 - (-9 + 23 + -45)
17
Evaluate -5 - (19 - -2 - 35).
9
Evaluate 2 + 1 + (22 + -31 - -1).
-5
5 - (-20 - (-3 + 6))
28
Evaluate 27 - 37 - (-5 + 2).
-7
Calculate -23 + 1 + 0 + (47 - 34) + -6.
-15
What is (2 - -8 - 7 - -1) + (6 - 1)?
9
What is the value of 5 + (-2 - (12 - 14))?
5
What is the value of 3 + (-1 + -2 - (-24 + 26))?
-2
What is the value of -10 + 10 + (-5 - -1) + (15 - 1)?
10
What is the value of (-5 + -1 - (-6 - -1)) + 2 + 22?
23
What is (400 - 407) + -7 + -1?
-15
Evaluate 2 - -5 - (172 - 154).
-11
Calculate 8 - (-3 + 20 + 11 + 1 + -5).
-16
What is the value of 34 + 1 + -13 + 44 + -43?
23
4 - (5 + (-15 - -21 - (2 + 4)))
-1
What is the value of 13 + 3 + -1 + -29?
-14
Calculate (-4 - -12) + -28 + 2 + 3 + -10.
-25
What is the value of -2 + -7 - ((4 - 22) + -3)?
12
19 + -19 + -1 + -6
-7
(-7 - -17) + -9 + 6
7
What is (-56 - -44) + 8 + 0 + (-7 - -1)?
-10
What is the value of -3 + 3 - 4 - (11 + -10 - 3)?
-2
Evaluate -11 + 1 - (17 + -36).
9
Calculate (-100 - -125) + (-7 - 22).
-4
What is -77 + 51 - (5 - 18)?
-13
Evaluate -10 + 3 - (-1 + 6 - (-3 + 14)).
-1
What is the value of 10 + -4 + 12 + 21 + -8?
31
What is -20 - (3 + -3) - (3 + -27 + 14)?
-10
Evaluate 7 - (-3 - -3) - (-6 - (-5 + -1)).
7
138 - 140 - (3 - (-10 - 2))
-17
Calculate 1 + 0 + -12 + -8 + (-13 - -33).
1
1 - (34 - 37 - (9 - 2))
11
Evaluate -41 - (13 + (-1 - 30)).
-23
What is the value of 3 + (-1 - 0) + (-60 - -30 - -25)?
-3
What is 5 - (44 - 0 - (12 + -11) - 0)?
-38
What is the value of 3 + (5 - (-5 + 6)) + -21 + -3?
-17
Evaluate (-25 - -10) + -2 - -27 - -2.
12
Calculate (9 - 19) + (-3 - (-8 + 2 + -9)).
2
Calculate -5 - (6 + 10 + 0 + -2 + -6).
-13
What is -6 - (5 + -15 - 4) - -11?
19
Evaluate (-24 - (-6 - 3)) + 5 + (-14 - -3).
-21
Calculate -13 + 1 + -4 - -17.
1
(49 - (40 - 13)) + -23
-1
Calculate -29 + (-25 + 60 - 29).
-23
What is 15 + (2 - -5) + (-47 - -13)?
-12
(18 - 18 - -7) + -1 + -3 + 18
21
What is the value of (-16 - (-14 + 11)) + 1 + 27?
15
What is the value of 0 + 5 - ((2 - 5) + 0 + 4)?
4
-2 + (-2 - -12) + 2 + -14
-4
What is the value of 16 + 12 + -50 + 7?
-15
Evaluate (-1 - -5) + (-32 - -22).
-6
Calculate -6 - (-25 - -30 - (-4 + -1)).
-16
What is -2 + -3 + (1 - 23 - -7)?
-20
What is 6 + 4 + -38 + -19 + 31?
-16
What is (-52 - -44) + -3 + 21?
10
Calculate 0 + -1 - (-2 + 10 - 11) - 14.
-12
What is (-21 + 6 - -15) + -1 + -1?
-2
What is the value of -15 - ((-6 - -26) + -39) - 33?
-29
Evaluate (6 - 9) + (8 - 17) + 2 + 3.
-7
3 - -1 - (-34 - -43) - -28
23
What is the value of -22 + (0 - (-28 - -26))?
-20
Calculate 3 + (-7 - 4) - -2 - (-9 + 11).
-8
What is the value of (6 - (4 + -5 - -4)) + -2 - -11?
12
Evaluate (0 - (-49 - -28)) + -28.
-7
What is the value of 1 - 9 - (23 + (11 - 22))?
-20
What is the value of 0 - 5 - (-6 + (22 + -18 - -1))?
-4
-1 - -3 - (-23 - -31) - (16 - 15)
-7
Calculate 3 + -5 - ((-12 - -3) + 1).
6
7 + 5 + -49 + 23
-14
What is the value of (1 - 0 - (-6 - -3)) + -2 + -7?
-5
What is the value of -160 + 148 - (-20 + -1)?
9
Calculate -1 - (-12 - -2 - (7 + (-19 - 7))).
-10
-5 + -3 + 10 + -1 + -2
-1
Evaluate (0 - 4) + (3 - (-2 - (3 - 0))).
4
What is -86 - -82 - (0 - (-2 - 16))?
-22
What is the value of -2 + 16 + -20 + 19?
13
-9 + 11 + 2 - 10
-6
-2 - 2 - (3 + (9 - (-1 - 0)))
-17
-11 + (25 - (2 - -4 - (-33 + 34)))
9
Calculate (-3 - (-8 - -7)) + 3 + 31.
32
What is 1 + (0 - -4) + -76 + 80?
9
What is the value of 1 + (-6 + 14 - 5 - 8)?
-4
(42 - 37 - (-4 - -11)) + (11 - 1)
8
(-6 - (-3 - -3) - 19) + 3 - -2
-20
Evaluate 11 - (3 - (10 - 10)).
8
What is the value of (7 - (11 + 8 + -6)) + (-10 - 7)?
-23
Evaluate (1 - -3) + (2 - 2) - (16 + -2).
-10
Evaluate -27 + 10 + 20 - (6 + -1).
-2
What is 4 + (10 - 4 - 13 - -7) - -10?
14
